{"id":25,"date":"2015-06-24T20:57:24","date_gmt":"2015-06-24T19:57:24","guid":{"rendered":"http:\/\/bptech.fr\/?page_id=25"},"modified":"2015-07-24T13:53:10","modified_gmt":"2015-07-24T12:53:10","slug":"reparations","status":"publish","type":"page","link":"https:\/\/thoupletronic.fr\/?page_id=25","title":{"rendered":"R\u00e9parations"},"content":{"rendered":"<p><strong>Une r\u00e9paration ex\u00e9cut\u00e9e rapidement par des experts, c\u2019est l\u2019assurance d\u2019une productivit\u00e9 pr\u00e9serv\u00e9e.<\/strong><br \/>\nVous cherchez une entreprise r\u00e9active en mesure de r\u00e9parer tous types de cartes et quelle que soit sa marque ? Nous mettons \u00e0 votre service notre comp\u00e9tence en mati\u00e8re de <strong>r\u00e9paration \u00e9lectronique<\/strong>. Avec ou sans sch\u00e9mas, nous intervenons rapidement afin que votre productivit\u00e9 soit pr\u00e9serv\u00e9e.<\/p>\n<p>Notre savoir-faire s\u2019appuie sur une exp\u00e9rience de plusieurs ann\u00e9es dans le <strong>domaine industriel<\/strong>. Nous sommes donc \u00e0 l\u2019\u00e9coute de vos imp\u00e9ratifs afin que notre intervention de <strong>r\u00e9paration de mat\u00e9riel \u00e9lectronique<\/strong> vous satisfasse pleinement.<\/p>\n<table width=\"100%\" border=\"0\">\n<tbody>\n<tr>\n<td width=\"55%\" height=\"115\">\n<h6><span style=\"color: #ff0000;\"><strong>Nos champs d\u2019intervention et domaines d\u2019application sont vari\u00e9s :<\/strong><\/span><\/h6>\n<ul>\n<li>Alimentations, onduleurs<\/li>\n<li>Variateurs<\/li>\n<li>Automates programmables<\/li>\n<li>Moniteurs, modules d&rsquo;affichage<\/li>\n<li>Pupitres, commandes num\u00e9riques<\/li>\n<li>Consoles de programmation<\/li>\n<li>Panneaux \u00e0 thyristor<\/li>\n<li>R\u00e9gulateurs de d\u00e9bits<\/li>\n<li>Servo-moteurs<\/li>\n<\/ul>\n<\/td>\n<td width=\"45%\"><\/td>\n<\/tr>\n<\/tbody>\n<\/table>\n<table width=\"100%\" border=\"0\">\n<tbody>\n<tr>\n<td width=\"55%\"> <a href=\"https:\/\/thoupletronic.fr\/wp-content\/uploads\/2015\/07\/Fotolia_46615257_XS.jpg\"><img loading=\"lazy\" decoding=\"async\" class=\"size-medium wp-image-65 aligncenter\" alt=\"reparation carte electronique strasbourg\" src=\"https:\/\/thoupletronic.fr\/wp-content\/uploads\/2015\/07\/Fotolia_46615257_XS.jpg\" width=\"300\" height=\"200\" \/><\/a><\/td>\n<td width=\"45%\">\n<h6><span style=\"color: #3366ff;\"><strong>Notre m\u00e9thodologie est port\u00e9e par un ensemble de valeurs fortes :<\/strong><\/span><\/h6>\n<ul>\n<li>R\u00e9activit\u00e9 : devis sous 48 heures<\/li>\n<li>Rapidit\u00e9 : intervention men\u00e9e par des techniciens confirm\u00e9s<\/li>\n<li>Mobilit\u00e9 : intervention en atelier ou sur site<\/li>\n<li>Flexibilit\u00e9 : notre stock de composants nous permet de r\u00e9parer tous types de cartes, y compris des mod\u00e8les obsol\u00e8tes<\/li>\n<li>Engagement : ma\u00eetrise des co\u00fbts tout au long de notre intervention<\/li>\n<li>\u00c9coute : un suivi personnalis\u00e9 selon vos besoins<\/li>\n<\/ul>\n<\/td>\n<\/tr>\n<\/tbody>\n<\/table>\n<table width=\"100%\" border=\"0\">\n<tbody>\n<tr>\n<td width=\"55%\" height=\"115\">\n<h6><span style=\"color: #ff0000;\"><strong>Au fil de nos interventions dans diff\u00e9rents milieux industriels, nous avons d\u00e9velopp\u00e9 les sp\u00e9cialisations suivantes :<\/strong><\/span><\/h6>\n<ul>\n<li>Alimentations de tous types d\u2019\u00e9quipements<\/li>\n<li>D\u00e9pannages \u00e9lectroniques des technologies d\u2019affichage<\/li>\n<li>D\u00e9pannage pr\u00e9ventif<\/li>\n<li>Reconditionnement de composant<\/li>\n<li>Gestion de l\u2019obsolescence de vos \u00e9quipements \u00e9lectroniques<\/li>\n<\/ul>\n<\/td>\n<td width=\"45%\"><\/td>\n<\/tr>\n<\/tbody>\n<\/table>\n<h5><\/h5>\n","protected":false},"excerpt":{"rendered":"<p>Une r\u00e9paration ex\u00e9cut\u00e9e rapidement par des experts, c\u2019est l\u2019assurance d\u2019une productivit\u00e9 pr\u00e9serv\u00e9e. Vous cherchez une entreprise r\u00e9active en mesure de r\u00e9parer tous types de cartes et quelle que soit sa marque ? Nous mettons \u00e0 votre service notre comp\u00e9tence en mati\u00e8re de r\u00e9paration \u00e9lectronique. Avec ou sans sch\u00e9mas, nous intervenons \u2026<\/p>\n<p class=\"continue-reading-button\"> <a class=\"continue-reading-link\" href=\"https:\/\/thoupletronic.fr\/?page_id=25\">Continue reading<i class=\"crycon-right-dir\"><\/i><\/a><\/p>\n","protected":false},"author":3,"featured_media":0,"parent":0,"menu_order":0,"comment_status":"closed","ping_status":"closed","template":"","meta":{"footnotes":""},"class_list":["post-25","page","type-page","status-publish","hentry"],"_links":{"self":[{"href":"https:\/\/thoupletronic.fr\/index.php?rest_route=\/wp\/v2\/pages\/25","targetHints":{"allow":["GET"]}}],"collection":[{"href":"https:\/\/thoupletronic.fr\/index.php?rest_route=\/wp\/v2\/pages"}],"about":[{"href":"https:\/\/thoupletronic.fr\/index.php?rest_route=\/wp\/v2\/types\/page"}],"author":[{"embeddable":true,"href":"https:\/\/thoupletronic.fr\/index.php?rest_route=\/wp\/v2\/users\/3"}],"replies":[{"embeddable":true,"href":"https:\/\/thoupletronic.fr\/index.php?rest_route=%2Fwp%2Fv2%2Fcomments&post=25"}],"version-history":[{"count":1,"href":"https:\/\/thoupletronic.fr\/index.php?rest_route=\/wp\/v2\/pages\/25\/revisions"}],"predecessor-version":[{"id":41,"href":"https:\/\/thoupletronic.fr\/index.php?rest_route=\/wp\/v2\/pages\/25\/revisions\/41"}],"wp:attachment":[{"href":"https:\/\/thoupletronic.fr\/index.php?rest_route=%2Fwp%2Fv2%2Fmedia&parent=25"}],"curies":[{"name":"wp","href":"https:\/\/api.w.org\/{rel}","templated":true}]}}